u.
2, 13
Suppose 5*v - 5*d = 355, -3*v - 2*d + 211 = -6*d. List the prime factors of v.
73
What are the prime factors of (2/(-6))/(1/(-222))?
2, 37
Suppose 3 - 2 = s. Let o be 13/(s/2*1). Let g = 43 - o. What are the prime factors of g?
17
Suppose 52 = 4*f + 4*m, m = -2*f + 16 + 9. Suppose -t = 5*t - 24. Suppose -f = -2*w + t. List the prime factors of w.
2
Suppose -7 = -3*s + 8, 0 = -2*k - 2*s - 10. Let h = 14 + k. List the prime factors of h.
2
Let g = -9 - -4. List the prime factors of 1/g + 205/25.
2
Let r = 7 + 6. List the prime factors of 2/r - 557/(-13).
43
Let m(f) = 2*f + 304. What are the prime factors of m(0)?
2, 19
Suppose 0 = 3*u - 4*u + 2, -2*c = 3*u - 6. Let a be (1 + -3)/(-2)*2. Suppose 3*f = -q + 6*q + 17, 5*f - a*q - 22 = c. What are the prime factors of f?
2
Let k(u) = -u - 3*u + 1 - 4. Let r be (-7 - -1)/(-3 - -5). What are the prime factors of k(r)?
3
Let f = 335 - -60. List the prime factors of f.
5, 79
Suppose 0 = 5*y - 5*x - 115, -2*y - 5*x + x + 58 = 0. Suppose -4*v + y = v. Suppose -v*l + 34 = -26. List the prime factors of l.
2, 3
Let y(h) = h**3 + 3*h**2 + 2*h + 1. Let l be y(3). Suppose 0 = -2*q - 17 + l. List the prime factors of q.
2, 11
Suppose -4*j + 22 + 6 = 0. Let t = j + 4. List the prime factors of t.
11
Let j be (1*-1)/((-5)/(-15)). Let r(i) = 7*i. Let c(s) = s. Let p(u) = 6*c(u) - r(u). What are the prime factors of p(j)?
3
Let c(b) = 11*b**2. Let y be c(-1). What are the prime factors of 2/(-10) - y/(-5)?
2
Let f(u) = u**3 - 9*u**2 - u + 13. Let s be f(9). Suppose 3*v = v - s*o - 2, -5*v = 2*o - 11. What are the prime factors of v?
3
Let s = 1 + -9. Let k = -4 - s. What are the prime factors of 2/(-8) + 77/k?
19
Suppose -2*s = s - 4*c - 14, 0 = s - 5*c - 12. Suppose -5*q + s*q = -9. Suppose 5*f + 3*h + 0*h - 15 = 0, 3*f - 9 = q*h. What are the prime factors of f?
3
Let j = -3 + 6. Let m(o) = -3*o + j*o + 4 - o. What are the prime factors of m(-3)?
7
Let m = -1 - 2. Let n be (-1)/((-3)/m) - -5. Suppose -b = -0*b - 2*p + 8, -n*b - 3*p = -23. What are the prime factors of b?
2
List the prime factors of (42/12)/(1/34).
7, 17
Let d be 4/16 - 183/12. What are the prime factors of (-152)/(-14) - d/105?
11
List the prime factors of (1 - 3)*31*(-2 + 1).
2, 31
Let r(q) be the second derivative of q**7/2520 - q**6/240 + q**5/120 - q**4/12 - 2*q. Let f(z) be the third derivative of r(z). List the prime factors of f(4).
5
Suppose -3*t + 406 = 16. List the prime factors of t.
2, 5, 13
Let d = 4 - 2. Let f(w) = -2*w**2 - w**3 - 2*w**2 + w**d + 2*w**2. What are the prime factors of f(-2)?
2
Let a(j) = j**3 + 7*j**2 + 3*j. Suppose -5*p - 10 = 25. Let k be a(p). Let f = k - -29. List the prime factors of f.
2
What are the prime factors of 8*(-16)/(-5 + 4)?
2
Suppose -146 + 31 = 5*p + 5*o, p - 5*o = 7. What are the prime factors of (22/33)/((-2)/p)?
2, 3
Let i(c) = -c + 9. Let o be (-1 + 2 - -1) + 0. Let g be (-1*(1 - 1))/o. What are the prime factors of i(g)?
3
Let m be (-13)/(-6) - 2/12. Suppose -2*h + 28 = m. What are the prime factors of h?
13
Suppose -12 = -5*x - 4*k, 3*x + 7*k = 2*k + 15. Suppose x = -2*d - m + 103, d + 4*m = 3*d - 88. List the prime factors of d.
2, 5
Let j(w) = -4*w. Let u be j(1). Let b = u + 13. List the prime factors of b.
3
What are the prime factors of (-24)/13 + 2 - 1623/(-13)?
5
Suppose -119 = -7*t - 28. List the prime factors of t.
13
Let o = -13 - -19. What are the prime factors of -1*(-11*o)/3?
2, 11
Suppose u + 68 = 2*u - 3*l, -4*u + 202 = 2*l. List the prime factors of u.
53
Suppose 4*f = 5*w + 225, 140 = 5*f - 5*w - 145. List the prime factors of f.
2, 3, 5
Let i(p) be the second derivative of -p**3/2 - 5*p**2/2 + 4*p. List the prime factors of i(-6).
13
Suppose 6*l - 3*l = 3. Let p be 4 - (-4 + l + 1). What are the prime factors of (11/(-2))/((-3)/p)?
11
Let u(o) = 17*o + 21. What are the prime factors of u(7)?
2, 5, 7
Let m = -7 - -9. Suppose -3*j = l - m, 5*l - j = -0*j + 58. List the prime factors of (-1)/(-2)*(l + 7).
3
Let g(j) = j**3 - 9*j**2 - 9*j - 5. Let n be g(10). Let r(w) = -w + 7. List the prime factors of r(n).
2
Let r(y) = y + 9. Let x be r(-12). Let v(m) = -m**3 - 2*m**2 - m. List the prime factors of v(x).
2, 3
Let p(x) = -40*x**2 + x + 5. Let k(u) = 8*u**2 - 1. Let w(b) = 11*k(b) + 2*p(b). What are the prime factors of w(1)?
3
Suppose 5*a + 0 = -k + 27, 3*a = -3*k + 21. Suppose x - 42 = -k*x. List the prime factors of 38/14 - (-4)/x.
3
Let t = 251 + -172. Suppose -4*k + 219 = t. List the prime factors of k.
5, 7
Let i = -28 - -88. Suppose 8*k - 4*k = i. What are the prime factors of k?
3, 5
Let w(h) = 15*h + 3. Let g be w(-2). Let x = 53 + g. What are the prime factors of x?
2, 13
Suppose k - 246 = -2*k. What are the prime factors of k?
2, 41
Let k(y) = y**2 + 3*y + 45. Let s(m) = 2*m**2 + 7*m + 90. Let p(r) = 9*k(r) - 4*s(r). What are the prime factors of p(0)?
3, 5
Let d(p) = -24*p - 17. What are the prime factors of d(-8)?
5, 7
Let g(t) = 3*t - 3*t + 3 + t. Let q be g(-3). Suppose q = 3*s - 7 - 11. What are the prime factors of s?
2, 3
Suppose g + 0*g + 8 = 0. Let f = 23 + g. What are the prime factors of f?
3, 5
List the prime factors of 3990/10 - 1/1*0.
3, 7, 19
Suppose -4*w - 2*m + 22 = m, 0 = -2*w - m + 10. Suppose 0 = n - w. Suppose n*r - 5*l - 39 = 0, 5*l = 2*l - 9. List the prime factors of r.
2, 3
Let v(f) be the first derivative of f**2/2 + 4*f - 2. Suppose -s = -3*s. What are the prime factors of v(s)?
2
Suppose -5*p = -20, -2*r - 13 + 5 = -5*p. Suppose -56 = -r*c + 2*c. List the prime factors of c.
2, 7
List the prime factors of 3 - 5/(25/(-445)).
2, 23
Let p(i) = i**2 + 2*i + 3. Let r be p(-2). Suppose -r*a + a = 0. Suppose 4*s + 3*b - 29 - 6 = a, b = -s + 10. What are the prime factors of s?
5
Let a be 16/(-6)*(-3)/2. Suppose a*o - 10 = 10. List the prime factors of o.
5
Suppose 4*o - 5*a = 33, -o + 7*a = 3*a. Suppose -4*f = -o - 36. Let z = f + -1. What are the prime factors of z?
11
Let d(x) = -x**3 + 9*x**2 + 10*x. Let c be d(10). Suppose -w + v - 37 = -0*w, v - 1 = c. Let k = -15 - w. What are the prime factors of k?
3, 7
Suppose 5*q + x - 95 = 0, -q + 3*x + 25 - 6 = 0. Let w be (-1)/2*-14 - 2. Suppose -u = -h - w, -4*u + q = -6*h + 3*h. What are the prime factors of u?
2
Suppose w - 48 = 6*j - 5*j, -j - 5 = 0. List the prime factors of w.
43
Let w be (-220)/18 - 8/(-36). What are the prime factors of (-14)/w*21*2?
7
Suppose 7 = -3*f + 2*z, -z = f + 2*f - 8. Let q(i) = 12*i**2 + i - 1. List the prime factors of q(f).
2, 3
Let k(d) = -d + 5. Let g be k(6). Let v be -5 + (-2 - (g + 0)). List the prime factors of (v/4)/((-6)/40).
2, 5
Let v = -25 - -61. What are the prime factors of v?
2, 3
Suppose -2*o = 3*l - 287, -l + 0*o + 90 = -5*o. What are the prime factors of l?
5, 19
Let a be (9 - 2)/(3/(-6)). What are the prime factors of 2/a + (-384)/(-42)?
3
Let h = 160 - 84. Suppose 0*c - 5*c + h = t, -5*c + 70 = -5*t. List the prime factors of c.
3, 5
Let m(r) = -3*r - 28. Let f be m(-13). Suppose f*p = 6*p + 130. List the prime factors of p.
2, 13
List the prime factors of (-9)/24 + (-204)/(-32).
2, 3
Let k(q) = -q**3 - 3*q**2 - 4*q. Suppose 3*n - 5*n - 14 = 0. Let c(r) = r**2 + 6*r - 10. Let m be c(n). List the prime factors of k(m).
2, 3
Let h = -3 + -44. Let v = h - -96. Suppose 3*r = v - 7. What are the prime factors of r?
2, 7
Let p(o) = o**2 + 1. Let a be p(2). Suppose -57 = -a*n + 23. List the prime factors of n.
2
Let m be (1/(-2))/(5/(-1880)). Suppose 2*l + m = 6*l. List the prime factors of l.
47
Suppose 4*s - 55 + 131 = 0. Let r = s + 53. What are the prime factors of r?
2, 17
List the prime factors of (-15*2/2)/(-1).
3, 5
Suppose 3*b = -2*b + 3*w + 283, 107 = 2*b + 5*w. Suppose -4*c + 3*q + 56 = 0, 3*c - q = -c + b. List the prime factors of c.
2, 7
Let p(z) = -2*z**3 - 2*z - 1. Let w(d) = d**2 - 13*d + 11. Let f be w(12). What are the prime factors of p(f)?
3
Suppose -y = -11*y + 370. What are the prime factors of y?
37
Let r = -3 - -3. Let l be (2 - r) + 1 + 4. Suppose -3*b = -l*b + 48. What are the prime factors of b?
2, 3
Let q be 2/(2/12*-4). Let j be (q/2)/((-3)/12). Let u = 2 + j. List the prime factors of u.
2
Let h(w) = w + 11. Let s be (0 + 0)*(-1)/1. Let x = 0 + s. List the prime factors of h(x).
11
Suppose -4*g = -26 - 186.